{"id":26,"date":"2022-07-06T18:01:04","date_gmt":"2022-07-06T16:01:04","guid":{"rendered":"https:\/\/ressourceribambelle.fr\/?page_id=26"},"modified":"2025-11-15T11:18:02","modified_gmt":"2025-11-15T10:18:02","slug":"a-propos","status":"publish","type":"page","link":"https:\/\/ressourceribambelle.fr\/?page_id=26","title":{"rendered":"Les b\u00e9n\u00e9voles"},"content":{"rendered":"<div class=\"wp-block-image\">\n<figure class=\"aligncenter size-full is-resized\"><img loading=\"lazy\" decoding=\"async\" width=\"940\" height=\"788\" src=\"https:\/\/ressourceribambelle.fr\/wp-content\/uploads\/2025\/06\/Rejoignez-laventure-1.jpg\" alt=\"\" class=\"wp-image-1298\" style=\"width:573px;height:auto\" srcset=\"https:\/\/ressourceribambelle.fr\/wp-content\/uploads\/2025\/06\/Rejoignez-laventure-1.jpg 940w, https:\/\/ressourceribambelle.fr\/wp-content\/uploads\/2025\/06\/Rejoignez-laventure-1-300x251.jpg 300w, https:\/\/ressourceribambelle.fr\/wp-content\/uploads\/2025\/06\/Rejoignez-laventure-1-768x644.jpg 768w\" sizes=\"auto, (max-width: 940px) 100vw, 940px\" \/><\/figure>\n<\/div>\n\n\n<p><mark style=\"background-color:rgba(0, 0, 0, 0)\" class=\"has-inline-color has-black-color\">Les b\u00e9n\u00e9voles valoristes trient les objets selon leur \u00e9tat, les nettoient, mettent un prix en \u00e9quipe et les mettent en valeur par de jolis am\u00e9nagements dans notre boutique d\u2019objets d&rsquo;occasion<\/mark>.<\/p>\n\n\n\n<p><mark style=\"background-color:rgba(0, 0, 0, 0)\" class=\"has-inline-color has-black-color\">Le b\u00e9n\u00e9volat \u00e0 la ressourcerie ne n\u00e9cessite pas de comp\u00e9tences techniques, mais avant tout d&rsquo;avoir le go\u00fbt de la coop\u00e9ration avec les autres membres de l\u2019association.<\/mark><\/p>\n\n\n\n<p><mark style=\"background-color:rgba(0, 0, 0, 0)\" class=\"has-inline-color has-black-color\">Si vous avez envie, vous aussi, de contribuer concr\u00e8tement \u00e0 la transition \u00e9cologique, dans la bonne humeur et la convivialit\u00e9, n\u2019h\u00e9sitez pas \u00e0 rejoindre notre \u00e9quipe de b\u00e9n\u00e9voles !<\/mark><\/p>\n\n\n\n<div style=\"height:45px\" aria-hidden=\"true\" class=\"wp-block-spacer\"><\/div>\n\n\n\n<h1 class=\"wp-block-heading\">Les adh\u00e9rent.es<\/h1>\n\n\n\n<div style=\"height:36px\" aria-hidden=\"true\" class=\"wp-block-spacer\"><\/div>\n\n\n\n<p class=\"has-black-color has-text-color\">Il.elles sont de tous horizons et constituent le c\u0153ur de l\u2019association, quelle que soit la raison de leur adh\u00e9sion : volont\u00e9 de soutenir moralement ou financi\u00e8rement l\u2019association, envie de s\u2019impliquer en tant que b\u00e9n\u00e9vole ponctuellement ou r\u00e9guli\u00e8rement&#8230; Les adh\u00e9rent.es sont notamment convi\u00e9.es \u00e0 l\u2019Assembl\u00e9e G\u00e9n\u00e9rale annuelle de l\u2019association et font donc pleinement partie de sa gouvernance.<\/p>\n\n\n\n<p class=\"has-black-color has-text-color\">Vous aussi vous voulez rejoindre l&rsquo;aventure et rendre la concr\u00e9tisation de ce projet possible ?<\/p>\n\n\n\n<div class=\"wp-block-buttons is-content-justification-center is-layout-flex wp-container-core-buttons-is-layout-28206b41 wp-block-buttons-is-layout-flex\">\n<div class=\"wp-block-button aligncenter\"><a class=\"wp-block-button__link has-background wp-element-button\" href=\"https:\/\/www.helloasso.com\/associations\/ressource-ribambelle\/adhesions\/adhesion-2026\" style=\"background-color:#45b83a\" target=\"_blank\" rel=\"noreferrer noopener\"><strong>C&rsquo;est par ici !<\/strong><\/a><\/div>\n<\/div>\n\n\n\n<div style=\"height:49px\" aria-hidden=\"true\" class=\"wp-block-spacer\"><\/div>\n\n\n\n<h1 class=\"wp-block-heading\"><mark style=\"background-color:rgba(0, 0, 0, 0)\" class=\"has-inline-color has-vivid-cyan-blue-color\">A l&rsquo;origine du projet&#8230;<\/mark><\/h1>\n\n\n\n<div style=\"height:22px\" aria-hidden=\"true\" class=\"wp-block-spacer\"><\/div>\n\n\n\n<p><mark style=\"background-color:rgba(0, 0, 0, 0)\" class=\"has-inline-color has-black-color\">Au d\u00e9part, 2 amies, Chlo\u00e9 et Apoline, d\u00e9cident de se lancer dans la folle aventure qu&rsquo;est le montage d&rsquo;une Ressourcerie. Aujourd&rsquo;hui membres actives de l&rsquo;association, elles ont par la suite \u00e9t\u00e9 rejointes par Farida et Quentin, les deux premiers administrateurs de la Ressource&rsquo;ribambelle.<\/mark><\/p>\n\n\n\n<div class=\"wp-block-media-text alignfull is-stacked-on-mobile is-vertically-aligned-center has-black-color has-text-color\" style=\"grid-template-columns:40% auto\"><figure class=\"wp-block-media-text__media\"><img loading=\"lazy\" decoding=\"async\" width=\"1024\" height=\"683\" src=\"https:\/\/ressourceribambelle.fr\/wp-content\/uploads\/2022\/07\/pexels-photo-460854-1024x683.jpeg\" alt=\"\" class=\"wp-image-125 size-full\" srcset=\"https:\/\/ressourceribambelle.fr\/wp-content\/uploads\/2022\/07\/pexels-photo-460854-1024x683.jpeg 1024w, https:\/\/ressourceribambelle.fr\/wp-content\/uploads\/2022\/07\/pexels-photo-460854-300x200.jpeg 300w, https:\/\/ressourceribambelle.fr\/wp-content\/uploads\/2022\/07\/pexels-photo-460854-768x512.jpeg 768w, https:\/\/ressourceribambelle.fr\/wp-content\/uploads\/2022\/07\/pexels-photo-460854-1536x1024.jpeg 1536w, https:\/\/ressourceribambelle.fr\/wp-content\/uploads\/2022\/07\/pexels-photo-460854-2048x1365.jpeg 2048w\" sizes=\"auto, (max-width: 1024px) 100vw, 1024px\" \/><\/figure><div class=\"wp-block-media-text__content\">\n<h2 class=\"wp-block-heading has-black-color has-text-color has-large-font-size\">Farida <\/h2>\n\n\n\n<p class=\"has-black-color has-text-color\">Entrepreneuse d&rsquo;un projet d&rsquo;insertion en Touraine et administratrice de l&rsquo;association<\/p>\n<\/div><\/div>\n\n\n\n<div class=\"wp-block-media-text alignfull has-media-on-the-right is-stacked-on-mobile is-vertically-aligned-center has-black-color has-text-color\" style=\"grid-template-columns:auto 40%\"><div class=\"wp-block-media-text__content\">\n<h2 class=\"wp-block-heading has-black-color has-text-color has-large-font-size\">Quentin <\/h2>\n\n\n\n<p class=\"has-black-color has-text-color\">Photographe et administrateur de l&rsquo;association<\/p>\n\n\n\n<p><\/p>\n<\/div><figure class=\"wp-block-media-text__media\"><img loading=\"lazy\" decoding=\"async\" width=\"1024\" height=\"683\" src=\"https:\/\/ressourceribambelle.fr\/wp-content\/uploads\/2022\/07\/kitten-cat-mammal-close-up-nose-whiskers-1385688-pxhere.com_-1024x683.jpg\" alt=\"\" class=\"wp-image-126 size-full\" srcset=\"https:\/\/ressourceribambelle.fr\/wp-content\/uploads\/2022\/07\/kitten-cat-mammal-close-up-nose-whiskers-1385688-pxhere.com_-1024x683.jpg 1024w, https:\/\/ressourceribambelle.fr\/wp-content\/uploads\/2022\/07\/kitten-cat-mammal-close-up-nose-whiskers-1385688-pxhere.com_-300x200.jpg 300w, https:\/\/ressourceribambelle.fr\/wp-content\/uploads\/2022\/07\/kitten-cat-mammal-close-up-nose-whiskers-1385688-pxhere.com_-768x512.jpg 768w, https:\/\/ressourceribambelle.fr\/wp-content\/uploads\/2022\/07\/kitten-cat-mammal-close-up-nose-whiskers-1385688-pxhere.com_-1536x1024.jpg 1536w, https:\/\/ressourceribambelle.fr\/wp-content\/uploads\/2022\/07\/kitten-cat-mammal-close-up-nose-whiskers-1385688-pxhere.com_-2048x1365.jpg 2048w\" sizes=\"auto, (max-width: 1024px) 100vw, 1024px\" \/><\/figure><\/div>\n\n\n\n<div class=\"wp-block-media-text alignfull is-stacked-on-mobile is-vertically-aligned-center has-black-color has-text-color\" style=\"grid-template-columns:40% auto\"><figure class=\"wp-block-media-text__media\"><img loading=\"lazy\" decoding=\"async\" width=\"850\" height=\"567\" src=\"https:\/\/ressourceribambelle.fr\/wp-content\/uploads\/2022\/07\/2017-09-26-09-32-07-850x567-1.jpg\" alt=\"\" class=\"wp-image-127 size-full\" srcset=\"https:\/\/ressourceribambelle.fr\/wp-content\/uploads\/2022\/07\/2017-09-26-09-32-07-850x567-1.jpg 850w, https:\/\/ressourceribambelle.fr\/wp-content\/uploads\/2022\/07\/2017-09-26-09-32-07-850x567-1-300x200.jpg 300w, https:\/\/ressourceribambelle.fr\/wp-content\/uploads\/2022\/07\/2017-09-26-09-32-07-850x567-1-768x512.jpg 768w\" sizes=\"auto, (max-width: 850px) 100vw, 850px\" \/><\/figure><div class=\"wp-block-media-text__content\">\n<h2 class=\"wp-block-heading has-black-color has-text-color has-large-font-size\">Chlo\u00e9 <\/h2>\n\n\n\n<p class=\"has-black-color has-text-color\">Ancienne salari\u00e9e d&rsquo;une Ressourcerie et porteuse du projet Ressource&rsquo;Ribambelle<\/p>\n<\/div><\/div>\n\n\n\n<div class=\"wp-block-media-text alignfull has-media-on-the-right is-stacked-on-mobile has-black-color has-text-color\" style=\"grid-template-columns:auto 40%\"><div class=\"wp-block-media-text__content\">\n<h2 class=\"wp-block-heading has-black-color has-text-color has-large-font-size\">Apoline<\/h2>\n\n\n\n<p class=\"has-black-color has-text-color\">Ancienne volontaire en service civique dans une Ressourcerie et porteuse du projet Ressource&rsquo;Ribambelle<\/p>\n<\/div><figure class=\"wp-block-media-text__media\"><img loading=\"lazy\" decoding=\"async\" width=\"1024\" height=\"693\" src=\"https:\/\/ressourceribambelle.fr\/wp-content\/uploads\/2022\/07\/2017-12-21-14-52-48-1200x812-1-1024x693.jpg\" alt=\"\" class=\"wp-image-128 size-full\" srcset=\"https:\/\/ressourceribambelle.fr\/wp-content\/uploads\/2022\/07\/2017-12-21-14-52-48-1200x812-1-1024x693.jpg 1024w, https:\/\/ressourceribambelle.fr\/wp-content\/uploads\/2022\/07\/2017-12-21-14-52-48-1200x812-1-300x203.jpg 300w, https:\/\/ressourceribambelle.fr\/wp-content\/uploads\/2022\/07\/2017-12-21-14-52-48-1200x812-1-768x520.jpg 768w, https:\/\/ressourceribambelle.fr\/wp-content\/uploads\/2022\/07\/2017-12-21-14-52-48-1200x812-1.jpg 1200w\" sizes=\"auto, (max-width: 1024px) 100vw, 1024px\" \/><\/figure><\/div>\n","protected":false},"excerpt":{"rendered":"<p>Les b\u00e9n\u00e9voles valoristes trient les objets selon leur \u00e9tat, les nettoient, mettent un prix en \u00e9quipe et les mettent en valeur par de jolis am\u00e9nagements dans notre boutique d\u2019objets d&rsquo;occasion. Le b\u00e9n\u00e9volat \u00e0 la ressourcerie ne n\u00e9cessite pas de comp\u00e9tences techniques, mais avant tout d&rsquo;avoir le go\u00fbt de la coop\u00e9ration avec les autres membres de [&hellip;]<\/p>\n","protected":false},"author":2,"featured_media":0,"parent":0,"menu_order":0,"comment_status":"closed","ping_status":"closed","template":"","meta":{"_regular_price":[],"currency_symbol":[],"footnotes":""},"class_list":["post-26","page","type-page","status-publish","hentry"],"post_slider_layout_featured_media_urls":{"thumbnail":"","post_slider_layout_landscape_large":"","post_slider_layout_portrait_large":"","post_slider_layout_square_large":"","post_slider_layout_landscape":"","post_slider_layout_portrait":"","post_slider_layout_square":"","full":""},"_links":{"self":[{"href":"https:\/\/ressourceribambelle.fr\/index.php?rest_route=\/wp\/v2\/pages\/26","targetHints":{"allow":["GET"]}}],"collection":[{"href":"https:\/\/ressourceribambelle.fr\/index.php?rest_route=\/wp\/v2\/pages"}],"about":[{"href":"https:\/\/ressourceribambelle.fr\/index.php?rest_route=\/wp\/v2\/types\/page"}],"author":[{"embeddable":true,"href":"https:\/\/ressourceribambelle.fr\/index.php?rest_route=\/wp\/v2\/users\/2"}],"replies":[{"embeddable":true,"href":"https:\/\/ressourceribambelle.fr\/index.php?rest_route=%2Fwp%2Fv2%2Fcomments&post=26"}],"version-history":[{"count":36,"href":"https:\/\/ressourceribambelle.fr\/index.php?rest_route=\/wp\/v2\/pages\/26\/revisions"}],"predecessor-version":[{"id":1429,"href":"https:\/\/ressourceribambelle.fr\/index.php?rest_route=\/wp\/v2\/pages\/26\/revisions\/1429"}],"wp:attachment":[{"href":"https:\/\/ressourceribambelle.fr\/index.php?rest_route=%2Fwp%2Fv2%2Fmedia&parent=26"}],"curies":[{"name":"wp","href":"https:\/\/api.w.org\/{rel}","templated":true}]}}

Les bénévoles

<div class="wp-block-image">
<figure class="aligncenter size-full is-resized"><img loading="lazy" decoding="async" width="940" height="788" src="https://ressourceribambelle.fr/wp-content/uploads/2025/06/Rejoignez-laventure-1.jpg" alt="" class="wp-image-1298" style="width:573px;height:auto" srcset="https://ressourceribambelle.fr/wp-content/uploads/2025/06/Rejoignez-laventure-1.jpg 940w, https://ressourceribambelle.fr/wp-content/uploads/2025/06/Rejoignez-laventure-1-300x251.jpg 300w, https://ressourceribambelle.fr/wp-content/uploads/2025/06/Rejoignez-laventure-1-768x644.jpg 768w" sizes="auto, (max-width: 940px) 100vw, 940px" /></figure>
</div>


<p><mark style="background-color:rgba(0, 0, 0, 0)" class="has-inline-color has-black-color">Les bénévoles valoristes trient les objets selon leur état, les nettoient, mettent un prix en équipe et les mettent en valeur par de jolis aménagements dans notre boutique d’objets d&rsquo;occasion</mark>.</p>



<p><mark style="background-color:rgba(0, 0, 0, 0)" class="has-inline-color has-black-color">Le bénévolat à la ressourcerie ne nécessite pas de compétences techniques, mais avant tout d&rsquo;avoir le goût de la coopération avec les autres membres de l’association.</mark></p>



<p><mark style="background-color:rgba(0, 0, 0, 0)" class="has-inline-color has-black-color">Si vous avez envie, vous aussi, de contribuer concrètement à la transition écologique, dans la bonne humeur et la convivialité, n’hésitez pas à rejoindre notre équipe de bénévoles !</mark></p>



<div style="height:45px" aria-hidden="true" class="wp-block-spacer"></div>



<h1 class="wp-block-heading">Les adhérent.es</h1>



<div style="height:36px" aria-hidden="true" class="wp-block-spacer"></div>



<p class="has-black-color has-text-color">Il.elles sont de tous horizons et constituent le cœur de l’association, quelle que soit la raison de leur adhésion : volonté de soutenir moralement ou financièrement l’association, envie de s’impliquer en tant que bénévole ponctuellement ou régulièrement&#8230; Les adhérent.es sont notamment convié.es à l’Assemblée Générale annuelle de l’association et font donc pleinement partie de sa gouvernance.</p>



<p class="has-black-color has-text-color">Vous aussi vous voulez rejoindre l&rsquo;aventure et rendre la concrétisation de ce projet possible ?</p>



<div class="wp-block-buttons is-content-justification-center is-layout-flex wp-container-core-buttons-is-layout-28206b41 wp-block-buttons-is-layout-flex">
<div class="wp-block-button aligncenter"><a class="wp-block-button__link has-background wp-element-button" href="https://www.helloasso.com/associations/ressource-ribambelle/adhesions/adhesion-2026" style="background-color:#45b83a" target="_blank" rel="noreferrer noopener"><strong>C&rsquo;est par ici !</strong></a></div>
</div>



<div style="height:49px" aria-hidden="true" class="wp-block-spacer"></div>



<h1 class="wp-block-heading"><mark style="background-color:rgba(0, 0, 0, 0)" class="has-inline-color has-vivid-cyan-blue-color">A l&rsquo;origine du projet&#8230;</mark></h1>



<div style="height:22px" aria-hidden="true" class="wp-block-spacer"></div>



<p><mark style="background-color:rgba(0, 0, 0, 0)" class="has-inline-color has-black-color">Au départ, 2 amies, Chloé et Apoline, décident de se lancer dans la folle aventure qu&rsquo;est le montage d&rsquo;une Ressourcerie. Aujourd&rsquo;hui membres actives de l&rsquo;association, elles ont par la suite été rejointes par Farida et Quentin, les deux premiers administrateurs de la Ressource&rsquo;ribambelle.</mark></p>



<div class="wp-block-media-text alignfull is-stacked-on-mobile is-vertically-aligned-center has-black-color has-text-color" style="grid-template-columns:40% auto"><figure class="wp-block-media-text__media"><img loading="lazy" decoding="async" width="1024" height="683" src="https://ressourceribambelle.fr/wp-content/uploads/2022/07/pexels-photo-460854-1024x683.jpeg" alt="" class="wp-image-125 size-full" srcset="https://ressourceribambelle.fr/wp-content/uploads/2022/07/pexels-photo-460854-1024x683.jpeg 1024w, https://ressourceribambelle.fr/wp-content/uploads/2022/07/pexels-photo-460854-300x200.jpeg 300w, https://ressourceribambelle.fr/wp-content/uploads/2022/07/pexels-photo-460854-768x512.jpeg 768w, https://ressourceribambelle.fr/wp-content/uploads/2022/07/pexels-photo-460854-1536x1024.jpeg 1536w, https://ressourceribambelle.fr/wp-content/uploads/2022/07/pexels-photo-460854-2048x1365.jpeg 2048w" sizes="auto, (max-width: 1024px) 100vw, 1024px" /></figure><div class="wp-block-media-text__content">
<h2 class="wp-block-heading has-black-color has-text-color has-large-font-size">Farida </h2>



<p class="has-black-color has-text-color">Entrepreneuse d&rsquo;un projet d&rsquo;insertion en Touraine et administratrice de l&rsquo;association</p>
</div></div>



<div class="wp-block-media-text alignfull has-media-on-the-right is-stacked-on-mobile is-vertically-aligned-center has-black-color has-text-color" style="grid-template-columns:auto 40%"><div class="wp-block-media-text__content">
<h2 class="wp-block-heading has-black-color has-text-color has-large-font-size">Quentin </h2>



<p class="has-black-color has-text-color">Photographe et administrateur de l&rsquo;association</p>



<p></p>
</div><figure class="wp-block-media-text__media"><img loading="lazy" decoding="async" width="1024" height="683" src="https://ressourceribambelle.fr/wp-content/uploads/2022/07/kitten-cat-mammal-close-up-nose-whiskers-1385688-pxhere.com_-1024x683.jpg" alt="" class="wp-image-126 size-full" srcset="https://ressourceribambelle.fr/wp-content/uploads/2022/07/kitten-cat-mammal-close-up-nose-whiskers-1385688-pxhere.com_-1024x683.jpg 1024w, https://ressourceribambelle.fr/wp-content/uploads/2022/07/kitten-cat-mammal-close-up-nose-whiskers-1385688-pxhere.com_-300x200.jpg 300w, https://ressourceribambelle.fr/wp-content/uploads/2022/07/kitten-cat-mammal-close-up-nose-whiskers-1385688-pxhere.com_-768x512.jpg 768w, https://ressourceribambelle.fr/wp-content/uploads/2022/07/kitten-cat-mammal-close-up-nose-whiskers-1385688-pxhere.com_-1536x1024.jpg 1536w, https://ressourceribambelle.fr/wp-content/uploads/2022/07/kitten-cat-mammal-close-up-nose-whiskers-1385688-pxhere.com_-2048x1365.jpg 2048w" sizes="auto, (max-width: 1024px) 100vw, 1024px" /></figure></div>



<div class="wp-block-media-text alignfull is-stacked-on-mobile is-vertically-aligned-center has-black-color has-text-color" style="grid-template-columns:40% auto"><figure class="wp-block-media-text__media"><img loading="lazy" decoding="async" width="850" height="567" src="https://ressourceribambelle.fr/wp-content/uploads/2022/07/2017-09-26-09-32-07-850x567-1.jpg" alt="" class="wp-image-127 size-full" srcset="https://ressourceribambelle.fr/wp-content/uploads/2022/07/2017-09-26-09-32-07-850x567-1.jpg 850w, https://ressourceribambelle.fr/wp-content/uploads/2022/07/2017-09-26-09-32-07-850x567-1-300x200.jpg 300w, https://ressourceribambelle.fr/wp-content/uploads/2022/07/2017-09-26-09-32-07-850x567-1-768x512.jpg 768w" sizes="auto, (max-width: 850px) 100vw, 850px" /></figure><div class="wp-block-media-text__content">
<h2 class="wp-block-heading has-black-color has-text-color has-large-font-size">Chloé </h2>



<p class="has-black-color has-text-color">Ancienne salariée d&rsquo;une Ressourcerie et porteuse du projet Ressource&rsquo;Ribambelle</p>
</div></div>



<div class="wp-block-media-text alignfull has-media-on-the-right is-stacked-on-mobile has-black-color has-text-color" style="grid-template-columns:auto 40%"><div class="wp-block-media-text__content">
<h2 class="wp-block-heading has-black-color has-text-color has-large-font-size">Apoline</h2>



<p class="has-black-color has-text-color">Ancienne volontaire en service civique dans une Ressourcerie et porteuse du projet Ressource&rsquo;Ribambelle</p>
</div><figure class="wp-block-media-text__media"><img loading="lazy" decoding="async" width="1024" height="693" src="https://ressourceribambelle.fr/wp-content/uploads/2022/07/2017-12-21-14-52-48-1200x812-1-1024x693.jpg" alt="" class="wp-image-128 size-full" srcset="https://ressourceribambelle.fr/wp-content/uploads/2022/07/2017-12-21-14-52-48-1200x812-1-1024x693.jpg 1024w, https://ressourceribambelle.fr/wp-content/uploads/2022/07/2017-12-21-14-52-48-1200x812-1-300x203.jpg 300w, https://ressourceribambelle.fr/wp-content/uploads/2022/07/2017-12-21-14-52-48-1200x812-1-768x520.jpg 768w, https://ressourceribambelle.fr/wp-content/uploads/2022/07/2017-12-21-14-52-48-1200x812-1.jpg 1200w" sizes="auto, (max-width: 1024px) 100vw, 1024px" /></figure></div>

<p>Les bénévoles valoristes trient les objets selon leur état, les nettoient, mettent un prix en équipe et les mettent en valeur par de jolis aménagements dans notre boutique d’objets d&rsquo;occasion. Le bénévolat à la ressourcerie ne nécessite pas de compétences techniques, mais avant tout d&rsquo;avoir le goût de la coopération avec les autres membres de [&hellip;]</p>
