{"id":27,"date":"2022-07-06T18:01:04","date_gmt":"2022-07-06T16:01:04","guid":{"rendered":"https:\/\/ressourceribambelle.fr\/?page_id=27"},"modified":"2024-08-17T17:17:22","modified_gmt":"2024-08-17T15:17:22","slug":"contact","status":"publish","type":"page","link":"https:\/\/ressourceribambelle.fr\/?page_id=27","title":{"rendered":""},"content":{"rendered":"\n<h1 class=\"wp-block-heading has-large-font-size\"><strong>On reste en contact ?<\/strong><\/h1>\n\n\n\n<div class=\"wp-block-cover alignfull is-light\" style=\"min-height:420px;aspect-ratio:unset;\"><span aria-hidden=\"true\" class=\"wp-block-cover__background has-nv-light-bg-background-color has-background-dim-0 has-background-dim\"><\/span><div class=\"wp-block-cover__inner-container is-layout-flow wp-block-cover-is-layout-flow\">\n<div class=\"wp-block-columns is-layout-flex wp-container-core-columns-is-layout-9d6595d7 wp-block-columns-is-layout-flex\">\n<div class=\"wp-block-column has-black-color has-text-color is-layout-flow wp-block-column-is-layout-flow\">\n<div style=\"height:24px\" aria-hidden=\"true\" class=\"wp-block-spacer\"><\/div>\n\n\n<div class=\"wp-block-image icon-style is-style-rounded\">\n<figure class=\"aligncenter size-large\"><a href=\"mailto:ressource.ribambelle@protomail.com\" target=\"_blank\" rel=\"noopener\"><img loading=\"lazy\" decoding=\"async\" width=\"1024\" height=\"360\" src=\"https:\/\/ressourceribambelle.fr\/wp-content\/uploads\/2022\/07\/Banniere-RessourceRibambelle-9-1024x360.jpg\" alt=\"\" class=\"wp-image-134\" srcset=\"https:\/\/ressourceribambelle.fr\/wp-content\/uploads\/2022\/07\/Banniere-RessourceRibambelle-9-1024x360.jpg 1024w, https:\/\/ressourceribambelle.fr\/wp-content\/uploads\/2022\/07\/Banniere-RessourceRibambelle-9-300x106.jpg 300w, https:\/\/ressourceribambelle.fr\/wp-content\/uploads\/2022\/07\/Banniere-RessourceRibambelle-9-768x270.jpg 768w, https:\/\/ressourceribambelle.fr\/wp-content\/uploads\/2022\/07\/Banniere-RessourceRibambelle-9-1536x540.jpg 1536w, https:\/\/ressourceribambelle.fr\/wp-content\/uploads\/2022\/07\/Banniere-RessourceRibambelle-9-2048x720.jpg 2048w\" sizes=\"auto, (max-width: 1024px) 100vw, 1024px\" \/><\/a><\/figure>\n<\/div>\n\n\n<h3 class=\"wp-block-heading has-text-align-center has-neve-text-color-color has-text-color\">Email<\/h3>\n\n\n\n<p class=\"has-text-align-center has-neve-text-color-color has-text-color\" style=\"font-size:15px\">ressource.ribambelle@protonmail.com<\/p>\n\n\n\n<div style=\"height:24px\" aria-hidden=\"true\" class=\"wp-block-spacer\"><\/div>\n<\/div>\n\n\n\n<div class=\"wp-block-column has-black-color has-text-color is-layout-flow wp-block-column-is-layout-flow\">\n<div style=\"height:24px\" aria-hidden=\"true\" class=\"wp-block-spacer\"><\/div>\n\n\n<div class=\"wp-block-image icon-style is-style-rounded\">\n<figure class=\"aligncenter size-large\"><a href=\"https:\/\/www.facebook.com\/RessourceRibambelle-le-projet-103018718850669\" target=\"_blank\" rel=\"noreferrer noopener\"><img loading=\"lazy\" decoding=\"async\" width=\"1024\" height=\"360\" src=\"https:\/\/ressourceribambelle.fr\/wp-content\/uploads\/2022\/07\/Banniere-RessourceRibambelle-7-1024x360.jpg\" alt=\"\" class=\"wp-image-135\" srcset=\"https:\/\/ressourceribambelle.fr\/wp-content\/uploads\/2022\/07\/Banniere-RessourceRibambelle-7-1024x360.jpg 1024w, https:\/\/ressourceribambelle.fr\/wp-content\/uploads\/2022\/07\/Banniere-RessourceRibambelle-7-300x106.jpg 300w, https:\/\/ressourceribambelle.fr\/wp-content\/uploads\/2022\/07\/Banniere-RessourceRibambelle-7-768x270.jpg 768w, https:\/\/ressourceribambelle.fr\/wp-content\/uploads\/2022\/07\/Banniere-RessourceRibambelle-7-1536x540.jpg 1536w, https:\/\/ressourceribambelle.fr\/wp-content\/uploads\/2022\/07\/Banniere-RessourceRibambelle-7-2048x720.jpg 2048w\" sizes=\"auto, (max-width: 1024px) 100vw, 1024px\" \/><\/a><\/figure>\n<\/div>\n\n\n<h3 class=\"wp-block-heading has-text-align-center has-neve-text-color-color has-text-color\">Facebook<\/h3>\n\n\n\n<p class=\"has-text-align-center has-neve-text-color-color has-text-color\" style=\"font-size:15px\">Ressource&rsquo;Ribambelle<\/p>\n\n\n\n<div style=\"height:24px\" aria-hidden=\"true\" class=\"wp-block-spacer\"><\/div>\n<\/div>\n\n\n\n<div class=\"wp-block-column has-black-color has-text-color is-layout-flow wp-block-column-is-layout-flow\">\n<div style=\"height:24px\" aria-hidden=\"true\" class=\"wp-block-spacer\"><\/div>\n\n\n<div class=\"wp-block-image icon-style is-style-rounded\">\n<figure class=\"aligncenter size-thumbnail is-resized\"><img loading=\"lazy\" decoding=\"async\" width=\"150\" height=\"150\" src=\"https:\/\/ressourceribambelle.fr\/wp-content\/uploads\/2023\/07\/telephone-1-150x150.jpg\" alt=\"\" class=\"wp-image-797\" style=\"width:160px;height:160px\" srcset=\"https:\/\/ressourceribambelle.fr\/wp-content\/uploads\/2023\/07\/telephone-1-150x150.jpg 150w, https:\/\/ressourceribambelle.fr\/wp-content\/uploads\/2023\/07\/telephone-1-300x300.jpg 300w, https:\/\/ressourceribambelle.fr\/wp-content\/uploads\/2023\/07\/telephone-1-1024x1024.jpg 1024w, https:\/\/ressourceribambelle.fr\/wp-content\/uploads\/2023\/07\/telephone-1-768x768.jpg 768w, https:\/\/ressourceribambelle.fr\/wp-content\/uploads\/2023\/07\/telephone-1-1536x1536.jpg 1536w, https:\/\/ressourceribambelle.fr\/wp-content\/uploads\/2023\/07\/telephone-1-1200x1200.jpg 1200w, https:\/\/ressourceribambelle.fr\/wp-content\/uploads\/2023\/07\/telephone-1-600x600.jpg 600w, https:\/\/ressourceribambelle.fr\/wp-content\/uploads\/2023\/07\/telephone-1.jpg 1920w\" sizes=\"auto, (max-width: 150px) 100vw, 150px\" \/><\/figure>\n<\/div>\n\n\n<h3 class=\"wp-block-heading has-text-align-center has-neve-text-color-color has-text-color\">T\u00e9l\u00e9phone<\/h3>\n\n\n\n<p class=\"has-text-align-center has-neve-text-color-color has-text-color\" style=\"font-size:15px\">09 86 53 47 86<\/p>\n\n\n\n<div style=\"height:24px\" aria-hidden=\"true\" class=\"wp-block-spacer\"><\/div>\n<\/div>\n<\/div>\n<\/div><\/div>\n\n\n\n<p class=\"has-black-color has-text-color has-medium-font-size\">Mais surtout, n&rsquo;h\u00e9sitez pas \u00e0 venir nous rencontrer directement \u00e0 la Ressourcerie !<\/p>\n\n\n\n<div style=\"height:100px\" aria-hidden=\"true\" class=\"wp-block-spacer\"><\/div>\n","protected":false},"excerpt":{"rendered":"<p>On reste en contact ? Mais surtout, n&rsquo;h\u00e9sitez pas \u00e0 venir nous rencontrer directement \u00e0 la Ressourcerie !<\/p>\n","protected":false},"author":2,"featured_media":0,"parent":0,"menu_order":0,"comment_status":"closed","ping_status":"closed","template":"","meta":{"_regular_price":[],"currency_symbol":[],"footnotes":""},"class_list":["post-27","page","type-page","status-publish","hentry"],"post_slider_layout_featured_media_urls":{"thumbnail":"","post_slider_layout_landscape_large":"","post_slider_layout_portrait_large":"","post_slider_layout_square_large":"","post_slider_layout_landscape":"","post_slider_layout_portrait":"","post_slider_layout_square":"","full":""},"_links":{"self":[{"href":"https:\/\/ressourceribambelle.fr\/index.php?rest_route=\/wp\/v2\/pages\/27","targetHints":{"allow":["GET"]}}],"collection":[{"href":"https:\/\/ressourceribambelle.fr\/index.php?rest_route=\/wp\/v2\/pages"}],"about":[{"href":"https:\/\/ressourceribambelle.fr\/index.php?rest_route=\/wp\/v2\/types\/page"}],"author":[{"embeddable":true,"href":"https:\/\/ressourceribambelle.fr\/index.php?rest_route=\/wp\/v2\/users\/2"}],"replies":[{"embeddable":true,"href":"https:\/\/ressourceribambelle.fr\/index.php?rest_route=%2Fwp%2Fv2%2Fcomments&post=27"}],"version-history":[{"count":16,"href":"https:\/\/ressourceribambelle.fr\/index.php?rest_route=\/wp\/v2\/pages\/27\/revisions"}],"predecessor-version":[{"id":1104,"href":"https:\/\/ressourceribambelle.fr\/index.php?rest_route=\/wp\/v2\/pages\/27\/revisions\/1104"}],"wp:attachment":[{"href":"https:\/\/ressourceribambelle.fr\/index.php?rest_route=%2Fwp%2Fv2%2Fmedia&parent=27"}],"curies":[{"name":"wp","href":"https:\/\/api.w.org\/{rel}","templated":true}]}}