{"id":585,"date":"2023-04-04T08:47:43","date_gmt":"2023-04-04T06:47:43","guid":{"rendered":"https:\/\/ressourceribambelle.fr\/?page_id=585"},"modified":"2025-07-02T17:48:28","modified_gmt":"2025-07-02T15:48:28","slug":"ou-nous-trouver","status":"publish","type":"page","link":"https:\/\/ressourceribambelle.fr\/?page_id=585","title":{"rendered":"O\u00f9 nous trouver ?"},"content":{"rendered":"\n<div style=\"height:100px\" aria-hidden=\"true\" class=\"wp-block-spacer\"><\/div>\n\n\n\n<p class=\"has-black-color has-text-color\">La ressourcerie se trouve au 42 Boulevard de l&rsquo;Industrie \u00e0 Nazelles-N\u00e9gron, \u00e0 200 m\u00e8tres du restaurant Les Platanes<\/p>\n\n\n\n<p><\/p>\n\n\n\n<div class=\"wp-block-ive-google-map alignnone ive_google_map_a328b4-66\"><div id=\"overlay\" style=\"cursor:pointer\"><\/div><div class=\"ive-google-map__wrap\" id=\"ive-google-map-b9a328b4-6630-41e9-9538-8818cd87fef1\"><iframe class=\"ive-google-map__iframe\" src=\"https:\/\/maps.google.com\/maps?q=42%20boulevard%20de%20l'industrie%2037530%20Nazelles-N%C3%A9gron&amp;t=&amp;z=15&amp;ie=UTF8&amp;iwloc=&amp;output=embed\" style=\"height:300px;width:100%;opacity:1\"><\/iframe><\/div><\/div>\n\n\n<div class=\"wp-block-image\">\n<figure class=\"aligncenter size-full is-resized\"><img loading=\"lazy\" decoding=\"async\" width=\"2560\" height=\"1414\" src=\"https:\/\/ressourceribambelle.fr\/wp-content\/uploads\/2025\/06\/Design-sans-titre1-scaled.jpg\" alt=\"\" class=\"wp-image-1231\" style=\"width:692px;height:auto\" srcset=\"https:\/\/ressourceribambelle.fr\/wp-content\/uploads\/2025\/06\/Design-sans-titre1-scaled.jpg 2560w, https:\/\/ressourceribambelle.fr\/wp-content\/uploads\/2025\/06\/Design-sans-titre1-300x166.jpg 300w, https:\/\/ressourceribambelle.fr\/wp-content\/uploads\/2025\/06\/Design-sans-titre1-1024x566.jpg 1024w, https:\/\/ressourceribambelle.fr\/wp-content\/uploads\/2025\/06\/Design-sans-titre1-768x424.jpg 768w, https:\/\/ressourceribambelle.fr\/wp-content\/uploads\/2025\/06\/Design-sans-titre1-1536x848.jpg 1536w, https:\/\/ressourceribambelle.fr\/wp-content\/uploads\/2025\/06\/Design-sans-titre1-2048x1131.jpg 2048w\" sizes=\"auto, (max-width: 2560px) 100vw, 2560px\" \/><figcaption class=\"wp-element-caption\">Design sans titre &#8211; 1<\/figcaption><\/figure>\n<\/div>\n\n\n<p><mark style=\"background-color:rgba(0, 0, 0, 0)\" class=\"has-inline-color has-black-color\">Pour trouver l&rsquo;entr\u00e9e de la ressourcerie, rien de plus simple : une banderole ainsi qu&rsquo;un drapeau de 3 m\u00e8tres signalent l&rsquo;entr\u00e9e de notre parking!<\/mark><\/p>\n\n\n\n<div style=\"height:60px\" aria-hidden=\"true\" class=\"wp-block-spacer\"><\/div>\n\n\n\n<h2 class=\"wp-block-heading\"><mark style=\"background-color:rgba(0, 0, 0, 0)\" class=\"has-inline-color has-vivid-cyan-blue-color\">S\u00e9journer \u00e0 proximit\u00e9 de la ressourcerie<\/mark><\/h2>\n\n\n\n<p><mark style=\"background-color:rgba(0, 0, 0, 0)\" class=\"has-inline-color has-black-color\">Vous \u00eates de passage dans le Val d&rsquo;Amboise et recherchez un h\u00e9bergement ? Bonne nouvelle, la ressourcerie se trouve \u00e0 proximit\u00e9 de nombreuses offres d&rsquo;h\u00e9bergement : campings, chambres d&rsquo;h\u00f4tes, h\u00f4tels&#8230;de quoi allier tourisme et respect de l&rsquo;environnement ! <\/mark><\/p>\n\n\n\n<div style=\"height:40px\" aria-hidden=\"true\" class=\"wp-block-spacer\"><\/div>\n\n\n\n<div class=\"wp-block-buttons is-layout-flex wp-block-buttons-is-layout-flex\">\n<div class=\"wp-block-button\"><a class=\"wp-block-button__link wp-element-button\" href=\"https:\/\/www.wildbed.fr\/\">Camping Les P\u00e2tis \u00e0 Nazelles-N\u00e9gron<\/a><\/div>\n<\/div>\n\n\n\n<div style=\"height:7px\" aria-hidden=\"true\" class=\"wp-block-spacer\"><\/div>\n\n\n\n<p><\/p>\n\n\n\n<div style=\"height:10px\" aria-hidden=\"true\" class=\"wp-block-spacer\"><\/div>\n\n\n\n<div class=\"wp-block-buttons is-layout-flex wp-block-buttons-is-layout-flex\">\n<div class=\"wp-block-button\"><a class=\"wp-block-button__link wp-element-button\" href=\"https:\/\/www.relaissaintjacques.fr\/\">Relais Saint Jacques, maison d&rsquo;h\u00f4tes \u00e0 Amboise <\/a><\/div>\n<\/div>\n\n\n\n<p><\/p>\n","protected":false},"excerpt":{"rendered":"<p>La ressourcerie se trouve au 42 Boulevard de l&rsquo;Industrie \u00e0 Nazelles-N\u00e9gron, \u00e0 200 m\u00e8tres du restaurant Les Platanes Pour trouver l&rsquo;entr\u00e9e de la ressourcerie, rien de plus simple : une banderole ainsi qu&rsquo;un drapeau de 3 m\u00e8tres signalent l&rsquo;entr\u00e9e de notre parking! S\u00e9journer \u00e0 proximit\u00e9 de la ressourcerie Vous \u00eates de passage dans le Val [&hellip;]<\/p>\n","protected":false},"author":2,"featured_media":0,"parent":0,"menu_order":0,"comment_status":"closed","ping_status":"closed","template":"","meta":{"_regular_price":[],"currency_symbol":[],"footnotes":""},"class_list":["post-585","page","type-page","status-publish","hentry"],"post_slider_layout_featured_media_urls":{"thumbnail":"","post_slider_layout_landscape_large":"","post_slider_layout_portrait_large":"","post_slider_layout_square_large":"","post_slider_layout_landscape":"","post_slider_layout_portrait":"","post_slider_layout_square":"","full":""},"_links":{"self":[{"href":"https:\/\/ressourceribambelle.fr\/index.php?rest_route=\/wp\/v2\/pages\/585","targetHints":{"allow":["GET"]}}],"collection":[{"href":"https:\/\/ressourceribambelle.fr\/index.php?rest_route=\/wp\/v2\/pages"}],"about":[{"href":"https:\/\/ressourceribambelle.fr\/index.php?rest_route=\/wp\/v2\/types\/page"}],"author":[{"embeddable":true,"href":"https:\/\/ressourceribambelle.fr\/index.php?rest_route=\/wp\/v2\/users\/2"}],"replies":[{"embeddable":true,"href":"https:\/\/ressourceribambelle.fr\/index.php?rest_route=%2Fwp%2Fv2%2Fcomments&post=585"}],"version-history":[{"count":16,"href":"https:\/\/ressourceribambelle.fr\/index.php?rest_route=\/wp\/v2\/pages\/585\/revisions"}],"predecessor-version":[{"id":1327,"href":"https:\/\/ressourceribambelle.fr\/index.php?rest_route=\/wp\/v2\/pages\/585\/revisions\/1327"}],"wp:attachment":[{"href":"https:\/\/ressourceribambelle.fr\/index.php?rest_route=%2Fwp%2Fv2%2Fmedia&parent=585"}],"curies":[{"name":"wp","href":"https:\/\/api.w.org\/{rel}","templated":true}]}}